{"id":211,"date":"2013-06-05T15:43:57","date_gmt":"2013-06-05T13:43:57","guid":{"rendered":"http:\/\/wpseo.evolutiontravel.it\/canarie\/?page_id=211"},"modified":"2019-01-03T16:04:29","modified_gmt":"2019-01-03T15:04:29","slug":"fuerteventura","status":"publish","type":"page","link":"https:\/\/canarie.evolutiontravel.it\/infovacanze\/isole\/fuerteventura\/","title":{"rendered":"Fuerteventura, isola dello snorkeling"},"content":{"rendered":"<p>Fare <strong>snorkeling a Fuerteventura<\/strong>, alle Canarie, significa vedere <strong>barracuda<\/strong>, <strong>razze<\/strong>, <strong>altri pesci <\/strong>particolari e <strong>fondali marini\u00a0colorati\u00a0<\/strong> che rendono questa isola dell&#8217;Arcipelago la pi\u00f9 gettonata chi vuole praticare questo <strong>sport acquatico in superficie<\/strong> quindi senza immergersi.<\/p>\n<p>La <strong>visibilit\u00e0 dell&#8217;acqua del mare a Fuerteventura \u00e8 eccellente<\/strong> e infatti baster\u00e0 maschera e boccaglio per vedere, tra le scogliere coralline, tante specie di pesci: delfini, tartarughe, cavallucci marini, polpi, seppie, ricci di mare, granchi e spugne.<\/p>\n<p><img loading=\"lazy\" decoding=\"async\" class=\"size-medium wp-image-627 alignright\" src=\"http:\/\/canarie.evolutiontravel.it\/infovacanze\/wp-content\/uploads\/sites\/3\/2013\/07\/fuerteventura-mappa-300x300.jpg\" alt=\"Mappa di Fuerteventura\" width=\"300\" height=\"300\" srcset=\"https:\/\/canarie.evolutiontravel.it\/infovacanze\/wp-content\/uploads\/sites\/3\/2013\/07\/fuerteventura-mappa-300x300.jpg 300w, https:\/\/canarie.evolutiontravel.it\/infovacanze\/wp-content\/uploads\/sites\/3\/2013\/07\/fuerteventura-mappa-150x150.jpg 150w, https:\/\/canarie.evolutiontravel.it\/infovacanze\/wp-content\/uploads\/sites\/3\/2013\/07\/fuerteventura-mappa.jpg 350w\" sizes=\"(max-width: 300px) 100vw, 300px\" \/><\/p>\n<p align=\"justify\">Fuerteventura \u00e8 un paradiso anche per gli <strong>appassionati di windsurf <\/strong>grazie alle condizioni ideali <strong>di vento e onde<\/strong>: in inverno ci sono onde che superano i cinque metri! E dopo lo sport non c&#8217;\u00e8 niente di meglio che distendersi sulla sabbia.<\/p>\n<p align=\"justify\">Qui trovi spiagge con <strong>sabbia chiara e fine e <\/strong><strong>alte dune<\/strong> interrotte solo da qualche cespuglio; se ne contano centinaia e lunghe distese di spiaggia incontaminata con pochi turisti. Non perdere l&#8217;occasione di vedere una delle spiagge pi\u00f9 suggestiva: <strong><a href=\"https:\/\/canarie.evolutiontravel.it\/infovacanze\/da-vedere\/fuerteventura-playa-sotavento\/\"><u>la spiaggia di Sotavento<\/u><\/a><\/strong>!<\/p>\n<p align=\"justify\">Non mancano nemmeno le <strong>spiagge ideali <a href=\"https:\/\/canarie.evolutiontravel.it\/infovacanze\/bambini\/\">per le famiglie con bimbi al seguito<\/a><\/strong> come Solana de El Matorral, Costa Calma ed El Cotillo e l&#8217;<strong>Oasi Park <\/strong>per vivere una giornata a stretto contatto con gli animali.<\/p>\n<h2>Fuerteventura, non solo snorkeling anche escursioni<\/h2>\n<p align=\"justify\">Dopo aver visto il meraviglioso mondo sottomarino dedicate del tempo anche a scoprire luoghi come <strong>Corralejo<\/strong>, <strong>Lobos<\/strong>, <strong>Morro jable<\/strong> e <strong>Las Playtas<\/strong> magari con escursioni e tour dedicati.<\/p>\n<p align=\"justify\">A <strong>Corralejo il paesaggio sembra lunare<\/strong> per qualche km, poi ad un certo punto iniziano colate laviche\u00a0che si riversano verso il mare. C\u2019\u00e8 un fantastico gioco di colori che coinvolge il turista: il colore nero della lava ormai fredda e il blu intenso del profondo mare. Iniziano poi le <strong>dune del parco di\u00a0Corralejo<\/strong>, uno dei luoghi pi\u00f9 suggestivi di Fuerteventura.<br \/>\nQui il mare \u00e8 calmo e cristallino, cosa frequente su questa parte dell\u2019isola.<\/p>\n<p align=\"justify\">A<strong> Lobos<\/strong> consigliamo due tour: alla <strong>Caldera<\/strong> e uno <strong>al faro<\/strong>. Dopo un\u2019ora circa di passeggiata il paesaggio intorno \u00e8 spettacolare:\u00a0<strong>sassi neri<\/strong>\u00a0di ogni dimensione, <strong>sabbia e flora dai colori sgargianti<\/strong>.<\/p>\n<p align=\"justify\">Anche l\u2019ambiente del <strong>deserto di Fuerteventura<\/strong>, \u00e8 in realt\u00e0 pieno di vita, ci sono piantine striscianti, lucertole e tracce di altri animali dell\u2019isola. Prima del\u00a0faro\u00a0c\u2019\u00e8 un &#8220;insolito&#8221; stagno situato in alto e da qui una vista davvero unica e maestosa su Lanzarote.<\/p>\n<p align=\"justify\">A <strong>Morro Jable<\/strong>, <strong>paese di pescatori<\/strong>, vi sembrer\u00e0 che il tempo si \u00e8 fermato a quasi un secolo fa; qui la <strong>spiaggia \u00e8 nera e con ciottoli vulcanici<\/strong>.<\/p>\n<p>Il turismo di Fuerteventura ha fatto tesoro delle grandi bellezze naturali di quest\u2019isola e a oggi, oltre alle spiagge, offre anche moltissimi itinerari che si spostano anche <strong>verso l\u2019interno dell\u2019isola<\/strong> per visitare i molti <strong>parchi naturali protetti<\/strong>.<\/p>\n<p><strong>Le grandi dimensioni<\/strong> dell&#8217;isola richiedono il <strong>noleggio di un\u2019auto<\/strong> per spostarsi al suo interno. I pi\u00f9 avventurosi potranno anche decidere di utilizzare i molti mezzi pubblici o anche la bicicletta, ma l\u2019auto \u00e8 senza dubbio il modo pi\u00f9 efficiente di spostarsi.<\/p>\n<p>&nbsp;<\/p>\n<h3 style=\"text-align: center\"><strong>Offerte viaggi e vacanze alle Canarie<\/strong><\/h3>\n<p style=\"text-align: center\">Non perdere l&#8217;occasione e <strong><span style=\"color: #008000\">PRENOTA PRIMA PER RISPARMIARE!<\/span><\/strong><\/p>\n<p style=\"text-align: center\">Clicca per vedere <strong>tutti i dettagli dei viaggi<\/strong>: foto, commenti, programma e luoghi!<\/p>\n<div class=\"feedzy-a66db46ce527fcdb63f1ce10ee5d94f7 feedzy-rss\">\n\t\t<ul class=\"feedzy-style2\">\n\t\t\t\t\t<li  style=\"padding: 23px 0 38px\" class=\"rss_item feedzy-rss-col-3\" >\n\t\t\t\t\t\t\t\t\t<div class=\"rss_image\" style=\"width:225px; height:225px;\">\n\t\t\t\t\t\t<a href=\"https:\/\/canarie.evolutiontravel.it\/it_IT\/898\/tab\/2554_appartamenti-koka.html\" target=\"_blank\" \n\t\t\t\t\t\t\trel=\"noopener \"\n\t\t\t\t\t\t\ttitle=\"Appartamenti Koka\"\n\t\t\t\t\t\t\tstyle=\"width:225px; height:225px;\">\n\t\t\t\t\t\t\t<span class=\"fetched\" style=\"background-image:  url('http:\/\/etcdn.net\/thumbnails\/2554\/it-gran-canaria-appartamenti-koka-playa-del-ingles-71a3f.jpg');\" title=\"Appartamenti Koka\"><\/span><amp-img width=\"225\" height=\"225\" src=\"http:\/\/etcdn.net\/thumbnails\/2554\/it-gran-canaria-appartamenti-koka-playa-del-ingles-71a3f.jpg\">\t\t\t\t\t\t<\/a>\n\t\t\t\t\t<\/div>\n\t\t\t\t\t\t\t\t<div class=\"rss_content_wrap\">\n\t\t\t\t\t<span class=\"title\">\n\t\t\t\t\t\t<a href=\"https:\/\/canarie.evolutiontravel.it\/it_IT\/898\/tab\/2554_appartamenti-koka.html\" target=\"_blank\"  rel=\"noopener \">\n\t\t\t\t\t\t\tAppartamenti Koka\t\t\t\t\t\t<\/a>\n\t\t\t\t\t<\/span>\n\t\t\t\t\t<div class=\"rss_content\"\n\t\t\t\t\t\t\tstyle=\"\">\n\t\t\t\t\t\t\n\t\t\t\t\t\t\t\t\t\t\t\t<p class=\"description\">Complesso di appartamenti e studios nel cuore di Playa del Ingl\u00e9s, a breve distanza dalla spiaggia, con piscina e posizione [&hellip;]<\/p>\n\t\t\t\t\t\t\n\t\t\t\t\t\t\t\t\t\t\t\t\t\t\t\t\t\t\t<div class=\"price-wrap\">\n\t\t\t\t\t\t\t\t<a href=\"https:\/\/canarie.evolutiontravel.it\/it_IT\/898\/tab\/2554_appartamenti-koka.html\" target=\"_blank\" rel=\"noopener\"><button class=\"price\"> 850<\/button><\/a>\n\t\t\t\t\t\t\t<\/div>\n\t\t\t\t\t\t\t\t\t\t\t<\/div>\n\t\t\t\t<\/div>\n\t\t\t<\/li>\n\t\t\t\t\t\t<li  style=\"padding: 23px 0 38px\" class=\"rss_item feedzy-rss-col-3\" >\n\t\t\t\t\t\t\t\t\t<div class=\"rss_image\" style=\"width:225px; height:225px;\">\n\t\t\t\t\t\t<a href=\"https:\/\/canarie.evolutiontravel.it\/it_IT\/898\/tab\/38134_livvo-valle-taurito-4-stelle-all-inclusive.html\" target=\"_blank\" \n\t\t\t\t\t\t\trel=\"noopener \"\n\t\t\t\t\t\t\ttitle=\"Livvo Valle Taurito 4 stelle All Inclusive\"\n\t\t\t\t\t\t\tstyle=\"width:225px; height:225px;\">\n\t\t\t\t\t\t\t<span class=\"fetched\" style=\"background-image:  url('http:\/\/etcdn.net\/thumbnails\/38134\/it-gran-canaria-ciao-club-paradise-valle-taurito-4-stelle-all-inclusive-playa-taurito-728c2.jpg');\" title=\"Livvo Valle Taurito 4 stelle All Inclusive\"><\/span><amp-img width=\"225\" height=\"225\" src=\"http:\/\/etcdn.net\/thumbnails\/38134\/it-gran-canaria-ciao-club-paradise-valle-taurito-4-stelle-all-inclusive-playa-taurito-728c2.jpg\">\t\t\t\t\t\t<\/a>\n\t\t\t\t\t<\/div>\n\t\t\t\t\t\t\t\t<div class=\"rss_content_wrap\">\n\t\t\t\t\t<span class=\"title\">\n\t\t\t\t\t\t<a href=\"https:\/\/canarie.evolutiontravel.it\/it_IT\/898\/tab\/38134_livvo-valle-taurito-4-stelle-all-inclusive.html\" target=\"_blank\"  rel=\"noopener \">\n\t\t\t\t\t\t\tLivvo Valle Taurito 4 stelle All Inclusive\t\t\t\t\t\t<\/a>\n\t\t\t\t\t<\/span>\n\t\t\t\t\t<div class=\"rss_content\"\n\t\t\t\t\t\t\tstyle=\"\">\n\t\t\t\t\t\t\n\t\t\t\t\t\t\t\t\t\t\t\t<p class=\"description\">Ottimo hotel con un\u00a0panorama\u00a0a picco sul mare che trasmette una tipica atmosfera vacanziera a due passi dalla spiaggia. A pochi [&hellip;]<\/p>\n\t\t\t\t\t\t\n\t\t\t\t\t\t\t\t\t\t\t\t\t\t\t\t\t\t\t<div class=\"price-wrap\">\n\t\t\t\t\t\t\t\t<a href=\"https:\/\/canarie.evolutiontravel.it\/it_IT\/898\/tab\/38134_livvo-valle-taurito-4-stelle-all-inclusive.html\" target=\"_blank\" rel=\"noopener\"><button class=\"price\"> 934<\/button><\/a>\n\t\t\t\t\t\t\t<\/div>\n\t\t\t\t\t\t\t\t\t\t\t<\/div>\n\t\t\t\t<\/div>\n\t\t\t<\/li>\n\t\t\t\t\t\t<li  style=\"padding: 23px 0 38px\" class=\"rss_item feedzy-rss-col-3\" >\n\t\t\t\t\t\t\t\t\t<div class=\"rss_image\" style=\"width:225px; height:225px;\">\n\t\t\t\t\t\t<a href=\"https:\/\/canarie.evolutiontravel.it\/it_IT\/898\/tab\/2808_barcelo-margaritas.html\" target=\"_blank\" \n\t\t\t\t\t\t\trel=\"noopener \"\n\t\t\t\t\t\t\ttitle=\"Barcel\u00f3 Margaritas\"\n\t\t\t\t\t\t\tstyle=\"width:225px; height:225px;\">\n\t\t\t\t\t\t\t<span class=\"fetched\" style=\"background-image:  url('http:\/\/etcdn.net\/thumbnails\/2808\/it-gran-canaria-barcelo-margaritas-4-stelle-all-inclusive-playa-del-ingles-4de9d.jpg');\" title=\"Barcel\u00f3 Margaritas\"><\/span><amp-img width=\"225\" height=\"225\" src=\"http:\/\/etcdn.net\/thumbnails\/2808\/it-gran-canaria-barcelo-margaritas-4-stelle-all-inclusive-playa-del-ingles-4de9d.jpg\">\t\t\t\t\t\t<\/a>\n\t\t\t\t\t<\/div>\n\t\t\t\t\t\t\t\t<div class=\"rss_content_wrap\">\n\t\t\t\t\t<span class=\"title\">\n\t\t\t\t\t\t<a href=\"https:\/\/canarie.evolutiontravel.it\/it_IT\/898\/tab\/2808_barcelo-margaritas.html\" target=\"_blank\"  rel=\"noopener \">\n\t\t\t\t\t\t\tBarcel\u00f3 Margaritas\t\t\t\t\t\t<\/a>\n\t\t\t\t\t<\/span>\n\t\t\t\t\t<div class=\"rss_content\"\n\t\t\t\t\t\t\tstyle=\"\">\n\t\t\t\t\t\t\n\t\t\t\t\t\t\t\t\t\t\t\t<p class=\"description\">Hotel moderno e dinamico nel cuore di Playa del Ingl\u00e9s, ideale per coppie e amici. Offre ampi spazi, piscine, ristorazione [&hellip;]<\/p>\n\t\t\t\t\t\t\n\t\t\t\t\t\t\t\t\t\t\t\t\t\t\t\t\t\t\t<div class=\"price-wrap\">\n\t\t\t\t\t\t\t\t<a href=\"https:\/\/canarie.evolutiontravel.it\/it_IT\/898\/tab\/2808_barcelo-margaritas.html\" target=\"_blank\" rel=\"noopener\"><button class=\"price\"> 925<\/button><\/a>\n\t\t\t\t\t\t\t<\/div>\n\t\t\t\t\t\t\t\t\t\t\t<\/div>\n\t\t\t\t<\/div>\n\t\t\t<\/li>\n\t\t\t\t\t\t<li  style=\"padding: 23px 0 38px\" class=\"rss_item feedzy-rss-col-3\" >\n\t\t\t\t\t\t\t\t\t<div class=\"rss_image\" style=\"width:225px; height:225px;\">\n\t\t\t\t\t\t<a href=\"https:\/\/canarie.evolutiontravel.it\/it_IT\/898\/tab\/2359_occidental-jandia-playa-4-stelle-all-inclusive-playa-de-jandia.html\" target=\"_blank\" \n\t\t\t\t\t\t\trel=\"noopener \"\n\t\t\t\t\t\t\ttitle=\"Occidental Jandia Playa 4 stelle All Inclusive - Playa de Jandia\"\n\t\t\t\t\t\t\tstyle=\"width:225px; height:225px;\">\n\t\t\t\t\t\t\t<span class=\"fetched\" style=\"background-image:  url('http:\/\/etcdn.net\/thumbnails\/2359\/it-fuerteventura-hotel-occidental-jandia-playa-4-stelle-all-inclusive-playa-de-jandia-6c478.jpg');\" title=\"Occidental Jandia Playa 4 stelle All Inclusive - Playa de Jandia\"><\/span><amp-img width=\"225\" height=\"225\" src=\"http:\/\/etcdn.net\/thumbnails\/2359\/it-fuerteventura-hotel-occidental-jandia-playa-4-stelle-all-inclusive-playa-de-jandia-6c478.jpg\">\t\t\t\t\t\t<\/a>\n\t\t\t\t\t<\/div>\n\t\t\t\t\t\t\t\t<div class=\"rss_content_wrap\">\n\t\t\t\t\t<span class=\"title\">\n\t\t\t\t\t\t<a href=\"https:\/\/canarie.evolutiontravel.it\/it_IT\/898\/tab\/2359_occidental-jandia-playa-4-stelle-all-inclusive-playa-de-jandia.html\" target=\"_blank\"  rel=\"noopener \">\n\t\t\t\t\t\t\tOccidental Jandia Playa 4 stelle All Inclusive - Playa de Jandia\t\t\t\t\t\t<\/a>\n\t\t\t\t\t<\/span>\n\t\t\t\t\t<div class=\"rss_content\"\n\t\t\t\t\t\t\tstyle=\"\">\n\t\t\t\t\t\t\n\t\t\t\t\t\t\t\t\t\t\t\t<p class=\"description\">Ampio resort 4 stelle con vista panoramica su Playa de Jandia, ideale per famiglie, coppie e amanti del relax attivo. Offre tutto [&hellip;]<\/p>\n\t\t\t\t\t\t\n\t\t\t\t\t\t\t\t\t\t\t\t\t\t\t\t\t\t\t<div class=\"price-wrap\">\n\t\t\t\t\t\t\t\t<a href=\"https:\/\/canarie.evolutiontravel.it\/it_IT\/898\/tab\/2359_occidental-jandia-playa-4-stelle-all-inclusive-playa-de-jandia.html\" target=\"_blank\" rel=\"noopener\"><button class=\"price\"> 999<\/button><\/a>\n\t\t\t\t\t\t\t<\/div>\n\t\t\t\t\t\t\t\t\t\t\t<\/div>\n\t\t\t\t<\/div>\n\t\t\t<\/li>\n\t\t\t\t\t\t<li  style=\"padding: 23px 0 38px\" class=\"rss_item feedzy-rss-col-3\" >\n\t\t\t\t\t\t\t\t\t<div class=\"rss_image\" style=\"width:225px; height:225px;\">\n\t\t\t\t\t\t<a href=\"https:\/\/canarie.evolutiontravel.it\/it_IT\/898\/tab\/41231_fly-drive-tra-dune-montagne-e-tradizioni-del-sud.html\" target=\"_blank\" \n\t\t\t\t\t\t\trel=\"noopener \"\n\t\t\t\t\t\t\ttitle=\"Fly &amp; Drive tra dune, montagne e tradizioni del sud\"\n\t\t\t\t\t\t\tstyle=\"width:225px; height:225px;\">\n\t\t\t\t\t\t\t<span class=\"fetched\" style=\"background-image:  url('http:\/\/etcdn.net\/thumbnails\/41231\/it-gran-canaria-fly-drive-gran-canaria-7-notti-tra-natura-mare-e-villaggi-autentici-85a1f.jpg');\" title=\"Fly &amp; Drive tra dune, montagne e tradizioni del sud\"><\/span><amp-img width=\"225\" height=\"225\" src=\"http:\/\/etcdn.net\/thumbnails\/41231\/it-gran-canaria-fly-drive-gran-canaria-7-notti-tra-natura-mare-e-villaggi-autentici-85a1f.jpg\">\t\t\t\t\t\t<\/a>\n\t\t\t\t\t<\/div>\n\t\t\t\t\t\t\t\t<div class=\"rss_content_wrap\">\n\t\t\t\t\t<span class=\"title\">\n\t\t\t\t\t\t<a href=\"https:\/\/canarie.evolutiontravel.it\/it_IT\/898\/tab\/41231_fly-drive-tra-dune-montagne-e-tradizioni-del-sud.html\" target=\"_blank\"  rel=\"noopener \">\n\t\t\t\t\t\t\tFly &amp; Drive tra dune, montagne e tradizioni del sud\t\t\t\t\t\t<\/a>\n\t\t\t\t\t<\/span>\n\t\t\t\t\t<div class=\"rss_content\"\n\t\t\t\t\t\t\tstyle=\"\">\n\t\t\t\t\t\t\n\t\t\t\t\t\t\t\t\t\t\t\t<p class=\"description\">Un viaggio on the road per scoprire i contrasti di Gran Canaria, tra villaggi storici, panorami vulcanici e spiagge dorate. Da [&hellip;]<\/p>\n\t\t\t\t\t\t\n\t\t\t\t\t\t\t\t\t\t\t\t\t\t\t\t\t\t\t<div class=\"price-wrap\">\n\t\t\t\t\t\t\t\t<a href=\"https:\/\/canarie.evolutiontravel.it\/it_IT\/898\/tab\/41231_fly-drive-tra-dune-montagne-e-tradizioni-del-sud.html\" target=\"_blank\" rel=\"noopener\"><button class=\"price\"> 1170<\/button><\/a>\n\t\t\t\t\t\t\t<\/div>\n\t\t\t\t\t\t\t\t\t\t\t<\/div>\n\t\t\t\t<\/div>\n\t\t\t<\/li>\n\t\t\t\t\t\t<li  style=\"padding: 23px 0 38px\" class=\"rss_item feedzy-rss-col-3\" >\n\t\t\t\t\t\t\t\t\t<div class=\"rss_image\" style=\"width:225px; height:225px;\">\n\t\t\t\t\t\t<a href=\"https:\/\/canarie.evolutiontravel.it\/it_IT\/898\/tab\/41235_avventura-in-auto-tra-oceano-montagne-e-borghi-autentici.html\" target=\"_blank\" \n\t\t\t\t\t\t\trel=\"noopener \"\n\t\t\t\t\t\t\ttitle=\"Avventura in auto tra oceano, montagne e borghi autentici\"\n\t\t\t\t\t\t\tstyle=\"width:225px; height:225px;\">\n\t\t\t\t\t\t\t<span class=\"fetched\" style=\"background-image:  url('http:\/\/etcdn.net\/thumbnails\/41231\/it-gran-canaria-fly-drive-gran-canaria-7-notti-tra-natura-mare-e-villaggi-autentici-85a1f.jpg');\" title=\"Avventura in auto tra oceano, montagne e borghi autentici\"><\/span><amp-img width=\"225\" height=\"225\" src=\"http:\/\/etcdn.net\/thumbnails\/41231\/it-gran-canaria-fly-drive-gran-canaria-7-notti-tra-natura-mare-e-villaggi-autentici-85a1f.jpg\">\t\t\t\t\t\t<\/a>\n\t\t\t\t\t<\/div>\n\t\t\t\t\t\t\t\t<div class=\"rss_content_wrap\">\n\t\t\t\t\t<span class=\"title\">\n\t\t\t\t\t\t<a href=\"https:\/\/canarie.evolutiontravel.it\/it_IT\/898\/tab\/41235_avventura-in-auto-tra-oceano-montagne-e-borghi-autentici.html\" target=\"_blank\"  rel=\"noopener \">\n\t\t\t\t\t\t\tAvventura in auto tra oceano, montagne e borghi autentici\t\t\t\t\t\t<\/a>\n\t\t\t\t\t<\/span>\n\t\t\t\t\t<div class=\"rss_content\"\n\t\t\t\t\t\t\tstyle=\"\">\n\t\t\t\t\t\t\n\t\t\t\t\t\t\t\t\t\t\t\t<p class=\"description\">Un viaggio completo alla scoperta dei tre volti di Gran Canaria: la vivace capitale del nord, le montagne del cuore dell\u2019isola [&hellip;]<\/p>\n\t\t\t\t\t\t\n\t\t\t\t\t\t\t\t\t\t\t\t\t\t\t\t\t\t\t<div class=\"price-wrap\">\n\t\t\t\t\t\t\t\t<a href=\"https:\/\/canarie.evolutiontravel.it\/it_IT\/898\/tab\/41235_avventura-in-auto-tra-oceano-montagne-e-borghi-autentici.html\" target=\"_blank\" rel=\"noopener\"><button class=\"price\"> 1890<\/button><\/a>\n\t\t\t\t\t\t\t<\/div>\n\t\t\t\t\t\t\t\t\t\t\t<\/div>\n\t\t\t\t<\/div>\n\t\t\t<\/li>\n\t\t\t\t<\/ul>\n<\/div>\n<style type=\"text\/css\" media=\"all\">.feedzy-rss .rss_item .rss_image{float:left;position:relative;border:none;text-decoration:none;max-width:100%}.feedzy-rss .rss_item .rss_image span{display:inline-block;position:absolute;width:100%;height:100%;background-position:50%;background-size:cover}.feedzy-rss .rss_item .rss_image{margin:.3em 1em 0 0;content-visibility:auto}.feedzy-rss ul{list-style:none}.feedzy-rss ul li{display:inline-block}<\/style>\n","protected":false},"excerpt":{"rendered":"<p>Fare snorkeling a Fuerteventura, alle Canarie, significa vedere barracuda, razze, altri pesci particolari e fondali marini\u00a0colorati\u00a0 che rendono questa isola dell&#8217;Arcipelago la pi\u00f9 gettonata chi vuole praticare questo sport acquatico in superficie quindi senza immergersi. La visibilit\u00e0 dell&#8217;acqua del mare a Fuerteventura \u00e8 eccellente e infatti baster\u00e0 maschera e boccaglio per vedere, tra le scogliere <a class=\"moretag\" href=\"https:\/\/canarie.evolutiontravel.it\/infovacanze\/isole\/fuerteventura\/\">[&#8230;]<\/a><\/p>\n","protected":false},"author":6,"featured_media":0,"parent":8,"menu_order":0,"comment_status":"closed","ping_status":"open","template":"templates\/template-with-right-sidebar.php","meta":{"footnotes":""},"yoast_head":"<!-- This site is optimized with the Yoast SEO plugin v21.9.1 - https:\/\/yoast.com\/wordpress\/plugins\/seo\/ -->\n<title>Snorkeling Fuerteventura e altri sport acquatici - Canarie<\/title>\n<meta name=\"description\" content=\"Ami fare snorkeling? Allora Fuerteventura \u00e8 la destinazione della tua vacanza: scopri con noi le isole Canarie e parti per la tua vacanza da sogno!\" \/>\n<meta name=\"robots\" content=\"index, follow, max-snippet:-1, max-image-preview:large, max-video-preview:-1\" \/>\n<link rel=\"canonical\" href=\"https:\/\/canarie.evolutiontravel.it\/infovacanze\/isole\/fuerteventura\/\" \/>\n<meta name=\"twitter:label1\" content=\"Tempo di lettura stimato\" \/>\n\t<meta name=\"twitter:data1\" content=\"3 minuti\" \/>\n<script type=\"application\/ld+json\" class=\"yoast-schema-graph\">{\"@context\":\"https:\/\/schema.org\",\"@graph\":[{\"@type\":\"WebPage\",\"@id\":\"https:\/\/canarie.evolutiontravel.it\/infovacanze\/isole\/fuerteventura\/\",\"url\":\"https:\/\/canarie.evolutiontravel.it\/infovacanze\/isole\/fuerteventura\/\",\"name\":\"Snorkeling Fuerteventura e altri sport acquatici - Canarie\",\"isPartOf\":{\"@id\":\"https:\/\/canarie.evolutiontravel.it\/infovacanze\/#website\"},\"datePublished\":\"2013-06-05T13:43:57+00:00\",\"dateModified\":\"2019-01-03T15:04:29+00:00\",\"description\":\"Ami fare snorkeling? Allora Fuerteventura \u00e8 la destinazione della tua vacanza: scopri con noi le isole Canarie e parti per la tua vacanza da sogno!\",\"breadcrumb\":{\"@id\":\"https:\/\/canarie.evolutiontravel.it\/infovacanze\/isole\/fuerteventura\/#breadcrumb\"},\"inLanguage\":\"it-IT\",\"potentialAction\":[{\"@type\":\"ReadAction\",\"target\":[\"https:\/\/canarie.evolutiontravel.it\/infovacanze\/isole\/fuerteventura\/\"]}]},{\"@type\":\"BreadcrumbList\",\"@id\":\"https:\/\/canarie.evolutiontravel.it\/infovacanze\/isole\/fuerteventura\/#breadcrumb\",\"itemListElement\":[{\"@type\":\"ListItem\",\"position\":1,\"name\":\"Mappa delle Isole Canarie\",\"item\":\"https:\/\/canarie.evolutiontravel.it\/infovacanze\/isole\/\"},{\"@type\":\"ListItem\",\"position\":2,\"name\":\"Fuerteventura, isola dello snorkeling\"}]},{\"@type\":\"WebSite\",\"@id\":\"https:\/\/canarie.evolutiontravel.it\/infovacanze\/#website\",\"url\":\"https:\/\/canarie.evolutiontravel.it\/infovacanze\/\",\"name\":\"Canarie\",\"description\":\"\",\"potentialAction\":[{\"@type\":\"SearchAction\",\"target\":{\"@type\":\"EntryPoint\",\"urlTemplate\":\"https:\/\/canarie.evolutiontravel.it\/infovacanze\/?s={search_term_string}\"},\"query-input\":\"required name=search_term_string\"}],\"inLanguage\":\"it-IT\"}]}<\/script>\n<!-- \/ Yoast SEO plugin. -->","yoast_head_json":{"title":"Snorkeling Fuerteventura e altri sport acquatici - Canarie","description":"Ami fare snorkeling? Allora Fuerteventura \u00e8 la destinazione della tua vacanza: scopri con noi le isole Canarie e parti per la tua vacanza da sogno!","robots":{"index":"index","follow":"follow","max-snippet":"max-snippet:-1","max-image-preview":"max-image-preview:large","max-video-preview":"max-video-preview:-1"},"canonical":"https:\/\/canarie.evolutiontravel.it\/infovacanze\/isole\/fuerteventura\/","twitter_misc":{"Tempo di lettura stimato":"3 minuti"},"schema":{"@context":"https:\/\/schema.org","@graph":[{"@type":"WebPage","@id":"https:\/\/canarie.evolutiontravel.it\/infovacanze\/isole\/fuerteventura\/","url":"https:\/\/canarie.evolutiontravel.it\/infovacanze\/isole\/fuerteventura\/","name":"Snorkeling Fuerteventura e altri sport acquatici - Canarie","isPartOf":{"@id":"https:\/\/canarie.evolutiontravel.it\/infovacanze\/#website"},"datePublished":"2013-06-05T13:43:57+00:00","dateModified":"2019-01-03T15:04:29+00:00","description":"Ami fare snorkeling? Allora Fuerteventura \u00e8 la destinazione della tua vacanza: scopri con noi le isole Canarie e parti per la tua vacanza da sogno!","breadcrumb":{"@id":"https:\/\/canarie.evolutiontravel.it\/infovacanze\/isole\/fuerteventura\/#breadcrumb"},"inLanguage":"it-IT","potentialAction":[{"@type":"ReadAction","target":["https:\/\/canarie.evolutiontravel.it\/infovacanze\/isole\/fuerteventura\/"]}]},{"@type":"BreadcrumbList","@id":"https:\/\/canarie.evolutiontravel.it\/infovacanze\/isole\/fuerteventura\/#breadcrumb","itemListElement":[{"@type":"ListItem","position":1,"name":"Mappa delle Isole Canarie","item":"https:\/\/canarie.evolutiontravel.it\/infovacanze\/isole\/"},{"@type":"ListItem","position":2,"name":"Fuerteventura, isola dello snorkeling"}]},{"@type":"WebSite","@id":"https:\/\/canarie.evolutiontravel.it\/infovacanze\/#website","url":"https:\/\/canarie.evolutiontravel.it\/infovacanze\/","name":"Canarie","description":"","potentialAction":[{"@type":"SearchAction","target":{"@type":"EntryPoint","urlTemplate":"https:\/\/canarie.evolutiontravel.it\/infovacanze\/?s={search_term_string}"},"query-input":"required name=search_term_string"}],"inLanguage":"it-IT"}]}},"_links":{"self":[{"href":"https:\/\/canarie.evolutiontravel.it\/infovacanze\/wp-json\/wp\/v2\/pages\/211"}],"collection":[{"href":"https:\/\/canarie.evolutiontravel.it\/infovacanze\/wp-json\/wp\/v2\/pages"}],"about":[{"href":"https:\/\/canarie.evolutiontravel.it\/infovacanze\/wp-json\/wp\/v2\/types\/page"}],"author":[{"embeddable":true,"href":"https:\/\/canarie.evolutiontravel.it\/infovacanze\/wp-json\/wp\/v2\/users\/6"}],"replies":[{"embeddable":true,"href":"https:\/\/canarie.evolutiontravel.it\/infovacanze\/wp-json\/wp\/v2\/comments?post=211"}],"version-history":[{"count":25,"href":"https:\/\/canarie.evolutiontravel.it\/infovacanze\/wp-json\/wp\/v2\/pages\/211\/revisions"}],"predecessor-version":[{"id":1792,"href":"https:\/\/canarie.evolutiontravel.it\/infovacanze\/wp-json\/wp\/v2\/pages\/211\/revisions\/1792"}],"up":[{"embeddable":true,"href":"https:\/\/canarie.evolutiontravel.it\/infovacanze\/wp-json\/wp\/v2\/pages\/8"}],"wp:attachment":[{"href":"https:\/\/canarie.evolutiontravel.it\/infovacanze\/wp-json\/wp\/v2\/media?parent=211"}],"curies":[{"name":"wp","href":"https:\/\/api.w.org\/{rel}","templated":true}]}}